9. Suppose 2*f - 33 + 7 = 0. Suppose 31 = 2*l - f. Calculate the greatest common divisor of l and b.
22
Let m be 2/20 + (-110)/(-600)*114. What is the greatest common factor of 1841 and m?
7
Let i(t) = t**3 + 64*t**2 + 183*t + 18. Let b be i(-61). What is the highest common divisor of 423 and b?
9
Suppose 55*m + 21 = 4641. Calculate the greatest common factor of 2548 and m.
28
Suppose -2*x = 2*f - 72852, -71*x + 182094 = -66*x - f. Calculate the greatest common factor of 15 and x.
15
Suppose 0 = -q - 277 + 642. What is the greatest common factor of q and 10?
5
Suppose 2808 = 10*s + 2*s. Calculate the greatest common divisor of 774 and s.
18
Let x be 10/(450/27) - 4/(-10). Let p(f) = -f**2 + 7*f - 6. Let b be p(5). What is the highest common factor of x and b?
1
Let m = -7060 + 9844. Calculate the highest common factor of m and 88.
8
Let i be -2 + -6 - (-15 + 7). Suppose -w + 170 - 68 = i. Calculate the greatest common divisor of w and 357.
51
Suppose 3*c - 2087 = -4*y, 2*y - 6*y + 2077 = c. Suppose y = -0*x + 7*x. What is the greatest common divisor of x and 111?
37
Let z(o) = -99*o**2 + 3061*o + 300. Let h be z(31). Suppose -r - p = -112, -3*r + 4*p = r - 488. Calculate the greatest common divisor of h and r.
13
Let l be (1507/3)/(9 + (-106)/12). What is the greatest common divisor of 44 and l?
22
Suppose 0 = 2*r - 7*r, 0 = -d - 2*r + 24. Let c be (7/((d/366)/(-4)))/(-1). What is the greatest common divisor of c and 61?
61
Suppose 8 = -4*f, -13 = n + 4*f - 2. Let z be 342 + -1 + 1 + n + 3. What is the highest common factor of z and 19?
19
Let a = -17597 - -18663. What is the highest common factor of a and 520?
26
Let t(g) be the second derivative of g**5/20 + 7*g**4/6 - 7*g**3/2 - 23*g**2 - 12*g + 8. Let y be t(-15). Calculate the greatest common divisor of 88 and y.
44
Let j = -25 + 28. Suppose d = j*d. Suppose d = 93*h - 96*h + 210. Calculate the greatest common divisor of 20 and h.
10
Let f be 51306/30 - 9/(-5). Calculate the highest common factor of f and 321.
107
Let q = 109 - 76. Let g = 37 - q. Let x(t) = -9*t + 5. Let k be x(-3). Calculate the greatest common factor of k and g.
4
Let h be (4/(-8))/((-2)/56). Suppose 47*b - 43*b = -5*j + 1732, -3*j - b + 1035 = 0. Let r = 386 - j. What is the greatest common divisor of r and h?
14
Let y be (-1 - 0)/((-3)/30). Let g(r) = 3*r**2 - r - 24. Let x be g(7). Let n = -111 + x. Calculate the highest common factor of y and n.
5
Let i be 218 - (-3 + (-7 - -14)). Suppose 206*u - i*u = -80. Calculate the greatest common factor of 85 and u.
5
Suppose 59*u = 94*u - 3780. Let c be 2/3 + (-25)/(-3). What is the highest common divisor of u and c?
9
Let g(q) = 252*q - 1257. Let n be g(5). Let x be (-4)/(-14) + 32/(-14). Let m = x - -4. Calculate the greatest common factor of n and m.
1
Let p be (((-108)/16)/(-3))/((-63)/(-2688)). What is the highest common factor of 1080 and p?
24
Let p(l) = -35*l + 1. Let d be p(-1). Suppose -d = -2*w + 30. Let a(n) = 6*n + 3. Let o be a(5). Calculate the greatest common divisor of o and w.
33
Let u = 19683 + -15864. What is the highest common divisor of u and 57?
57
Suppose 4*g + 2*g = -0*g. Suppose 3*c - 9 = a, -a + g*c = 4*c - 26. What is the greatest common factor of 4 and a?
2
Let w(p) = p**3 - 22*p**2 - 22*p + 34. Let s be w(23). Let k = s + -39. Suppose -3*b + 39 = -k. What is the greatest common divisor of b and 57?
19
Suppose 81 - 4 = 7*u. Suppose 2*o = -5*n - 50, 3*o + u + 22 = 3*n. Let t be (o/75)/((-1)/35). Calculate the highest common divisor of t and 14.
7
Let y(d) = -15*d - 78. Let j be y(-7). Let n(f) = 2*f**2 + 34*f + 39. Let h be n(-17). Calculate the greatest common divisor of j and h.
3
Let x(g) = 44*g**2 + 179*g - 310. Let t be x(16). Calculate the greatest common factor of t and 56.
14
Let b = 15182 - -651. Calculate the highest common divisor of 71 and b.
71
Let g = -312 - -456. Let h be (16/10)/(2/5). Suppose h*t - g = -0*t. Calculate the highest common divisor of 9 and t.
9
Suppose -8 = a - 3*a. Let o(l) = -l**3 - 4*l**2 - 2*l + 2. Let f be o(-4). Calculate the highest common factor of f and a.
2
Let m = -660 - -663. Let o(r) = 3*r**2 - 7*r + 5. Let j be o(-7). Suppose 54 = m*k - j. Calculate the highest common factor of k and 51.
17
Suppose 2*x - 18 = -4*r - 166, -3*r = -3*x - 186. Suppose 6*k - 888 = -2*k. Let s = k + x. Calculate the greatest common divisor of s and 18.
9
Let a = 35698 - 10265. What is the highest common factor of a and 29?
29
Let r(l) = l**2 + l - 3. Let h be r(-3). Suppose 0 = j - d - 101, 3*d + 283 = h*j + 4*d. Let k = j - 94. Calculate the highest common divisor of k and 54.
2
Suppose 523*y + v = 521*y + 13427, -4*v = 3*y - 20143. Calculate the highest common divisor of y and 274.
137
Let o(v) = -18*v + 45. Let y(i) = 10*i - 22. Let r(u) = 6*o(u) + 10*y(u). Let d be r(5). What is the highest common divisor of 590 and d?
10
Suppose -5*z + 381 = -3589*o + 3586*o, 3*z - 221 = -2*o. What is the greatest common divisor of 195 and z?
15
Suppose 0 = 2*l + 77 + 99. Let h be 0/(-1) + (2 - l). Suppose 6*d - 4*d = h. Calculate the highest common divisor of d and 15.
15
Let z(d) = d**3 + 9*d**2 - 12*d + 13. Let x be z(-10). Let m = x + -13. Let c = 515 + -500. What is the highest common factor of c and m?
5
Let n be (24/10)/(4/(-30)). Let f = n + 28. Suppose -3*g + f + 2 = 0. What is the greatest common divisor of g and 2?
2
Suppose -43 = 15*r - 16*r. Suppose 4*x - 6 - 56 = -2*f, 3*x - 2*f = r. What is the highest common divisor of 5 and x?
5
Let x be (-30)/(-9)*(-18)/(-15). Suppose -x*h + 75 = h. Suppose 977 = 5*f - 38*g + 40*g, -5*g = -2*f + 385. Calculate the greatest common divisor of h and f.
15
Suppose 0 = 149*z - 146*z - 1341. Let o = -279 + z. What is the greatest common divisor of o and 42?
42
Suppose -15*w + 6860 - 4685 = 0. Calculate the highest common divisor of w and 8091.
29
Let x = -20252 + 36063. Calculate the highest common factor of x and 326.
163
Let b = -6 - -9. Suppose -b*k - 6 - 6 = 0, -32 = -n - 2*k. Let x be 18 + (4 + 1)/(12/(-24)). What is the greatest common divisor of x and n?
8
Let q be (10 - 0) + -1*2. Suppose 412 = u + 3*k, -3*u - 20*k + 18*k + 1201 = 0. Suppose -331 = -26*t + u. Calculate the highest common factor of t and q.
4
Let g = -309 - -315. Suppose g*h = 26*h - 600. Suppose -4*a = -4*l + 2*l - 428, -5*l + 295 = 3*a. Calculate the greatest common factor of a and h.
15
Suppose 57568 - 3011 = 281*i - 64587. Calculate the greatest common factor of i and 530.
106
Suppose -990*i + 73 + 6023 + 5784 = 0. Let n = 69 + -45. Suppose 0 = 4*l - 0*l - n. Calculate the highest common factor of i and l.
6
Suppose 4*y - 92 = 3*y. Let s = y + -57. Let o(c) = 62*c - 383. Let z be o(9). What is the highest common divisor of z and s?
35
Let t(q) = q**3 + 5*q**2 + 2*q. Let x be t(-3). Let f = 10823 + -10802. Calculate the greatest common factor of x and f.
3
Suppose w + 5*i - 50 = 49, 555 = 5*w - 5*i. Suppose -270 = w*v - 136*v. Calculate the greatest common divisor of v and 80.
10
Suppose -p = 3*f + 361 + 476, 0 = 3*f + 3*p + 837. Let u = f - -436. Suppose -7*h - 10 = -u. What is the greatest common factor of h and 3?
3
Suppose 5*c - m - 270 = 0, -2*c + 34*m = 39*m - 108. What is the greatest common divisor of c and 378?
54
Suppose -32*z = 52*z - 1344. Calculate the highest common divisor of 13 and z.
1
Suppose 871*j + 27 = 880*j. Suppose -3*z - 2281 = -2*g - 168, -4*g + j*z = -4241. What is the highest common divisor of 56 and g?
56
Let j be 3 + 4 - (-412 - -45). Suppose 0 = 3*r + 4*q - 94, 3*r - 3*q - 38 - 70 = 0. Calculate the highest common factor of r and j.
34
Let p = -190 - -194. Let z be 35 - ((-104)/(-65) + p/10). Calculate the highest common divisor of 44 and z.
11
Let f(o) = -o - 5. Let s be f(-3). Let m = 26 - s. Suppose 8*p = 12*p - 896. What is the greatest common factor of m and p?
28
Suppose 35 = i - 0*i. Suppose -r - 5 = 0, 1061 = 4*y + 3*r - 1164. What is the greatest common factor of i and y?
35
Let q(u) = 5*u - 15. Let m be q(17). Let g = m + -67. Suppose -f + g = 2, -f + 166 = 5*c. What is the highest common divisor of c and 99?
33
Suppose 70 = 4*a + a. Let i = -720 - -755. What is the highest common divisor of a and i?
7
Suppose -4*x + 460 = -368. Let t be (-4)/(44*3/30 - 4). Let i be 418/